{"id":2359,"date":"2025-06-07T18:41:44","date_gmt":"2025-06-07T18:41:44","guid":{"rendered":"https:\/\/www.xn--stim-entrmpelungen-u6b.de\/?page_id=2359"},"modified":"2025-06-07T18:41:44","modified_gmt":"2025-06-07T18:41:44","slug":"impressum","status":"publish","type":"page","link":"https:\/\/www.xn--stim-entrmpelungen-u6b.de\/?page_id=2359","title":{"rendered":"Impressum"},"content":{"rendered":"<h1>Impressum<\/h1>\n<div>\n<p>Stim-Entr\u00fcmpelungen<\/p>\n<p>vertreten durch Michael Stenzel<\/p>\n<p>Siedlerweg 3<br \/>94356 Kirchroth<\/p>\n<p>Telefon: 0176\/41914183<br \/>E-Mail: info@stim-entr\u00fcmpelungen.de<\/p>\n<p>Umsatzsteuer-ID: DE 162\/277\/50271<\/p>\n<p>Verantwortlich f\u00fcr den Inhalt nach \u00a7 18 Abs. 2 MStV: Herr Michael Stenzel<\/p>\n<p>Haftungshinweis: Wir sind f\u00fcr die Inhalte unserer Internetseiten nach den Ma\u00dfgaben der allgemeinen Gesetze, verantwortlich. Alle Inhalte werden mit der gebotenen Sorgfalt und nach bestem Wissen erstellt. Soweit wir auf unseren Internetseiten mittels Hyperlinks auf Internetseiten Dritter verweisen, k\u00f6nnen wir keine Gew\u00e4hr f\u00fcr die fortw\u00e4hrende Aktualit\u00e4t, Richtigkeit und Vollst\u00e4ndigkeit der verlinkten Inhalte \u00fcbernehmen, da diese Inhalte au\u00dferhalb unseres Verantwortungsbereichs liegen und wir auf die zuk\u00fcnftige Gestaltung keinen Einfluss haben. Sollten aus Ihrer Sicht Inhalte gegen geltendes Recht versto\u00dfen oder unangemessen sein, teilen Sie uns dies bitte mit.<\/p>\n<p>Wir weisen auf die Online-Streitbeilegung gem\u00e4\u00df Art. 14 Abs. 1 ODR-VO hin: Die Europ\u00e4ische Kommission stellt eine Plattform zur Online-Streitbeilegung (OS) bereit, die Sie unter\u00a0<a href=\"https:\/\/ec.europa.eu\/consumers\/odr\">https:\/\/ec.europa.eu\/consumers\/odr<\/a> finden. Hier kann man in die au\u00dfergerichtliche Beilegung von Verbraucherstreitigkeiten aus Online-Vertr\u00e4gen eintreten.<\/p>\n<\/p>\n<p>Wir sind zu einer Teilnahme an einem Verfahren zur Streitbeilegung vor einer Verbraucherschlichtungsstelle nicht bereit oder verpflichtet.<\/p>\n<\/div>\n<p><!--more--><br \/>\n<!-- {\"type\":\"layout\",\"children\":[{\"type\":\"section\",\"props\":{\"image_position\":\"center-center\",\"style\":\"default\",\"title_breakpoint\":\"xl\",\"title_position\":\"top-left\",\"title_rotation\":\"left\",\"vertical_align\":\"middle\",\"width\":\"default\"},\"children\":[{\"type\":\"row\",\"children\":[{\"type\":\"column\",\"props\":{\"image_position\":\"center-center\",\"position_sticky_breakpoint\":\"m\"},\"children\":[{\"type\":\"headline\",\"props\":{\"content\":\"Impressum\",\"title_element\":\"h1\"}},{\"type\":\"text\",\"props\":{\"column_breakpoint\":\"m\",\"content\":\"\n\n<p>Stim-Entr\\u00fcmpelungen<\\\/p>\\n\n\n<p>vertreten durch Michael Stenzel<\\\/p>\\n\n\n<p>Siedlerweg 3<br \\\/>94356 Kirchroth<\\\/p>\\n\n\n<p>Telefon: 0176\\\/41914183<br \\\/>E-Mail: info@stim-entr\\u00fcmpelungen.de<\\\/p>\\n\n\n<p>Umsatzsteuer-ID: DE 162\\\/277\\\/50271<\\\/p>\\n\n\n<p>Verantwortlich f\\u00fcr den Inhalt nach \\u00a7 18 Abs. 2 MStV: Herr Michael Stenzel<\\\/p>\\n\n\n<p>Haftungshinweis: Wir sind f\\u00fcr die Inhalte unserer Internetseiten nach den Ma\\u00dfgaben der allgemeinen Gesetze, verantwortlich. Alle Inhalte werden mit der gebotenen Sorgfalt und nach bestem Wissen erstellt. Soweit wir auf unseren Internetseiten mittels Hyperlinks auf Internetseiten Dritter verweisen, k\\u00f6nnen wir keine Gew\\u00e4hr f\\u00fcr die fortw\\u00e4hrende Aktualit\\u00e4t, Richtigkeit und Vollst\\u00e4ndigkeit der verlinkten Inhalte \\u00fcbernehmen, da diese Inhalte au\\u00dferhalb unseres Verantwortungsbereichs liegen und wir auf die zuk\\u00fcnftige Gestaltung keinen Einfluss haben. Sollten aus Ihrer Sicht Inhalte gegen geltendes Recht versto\\u00dfen oder unangemessen sein, teilen Sie uns dies bitte mit.<\\\/p>\\n\n\n<p>Wir weisen auf die Online-Streitbeilegung gem\\u00e4\\u00df Art. 14 Abs. 1 ODR-VO hin: Die Europ\\u00e4ische Kommission stellt eine Plattform zur Online-Streitbeilegung (OS) bereit, die Sie unter\\u00a0<a href=\\\"https:\\\/\\\/ec.europa.eu\\\/consumers\\\/odr\\\">https:\\\/\\\/ec.europa.eu\\\/consumers\\\/odr<\\\/a> finden. Hier kann man in die au\\u00dfergerichtliche Beilegung von Verbraucherstreitigkeiten aus Online-Vertr\\u00e4gen eintreten.<\\\/p>\\n\n\n<p><\\\/p>\\n\n\n<p>Wir sind zu einer Teilnahme an einem Verfahren zur Streitbeilegung vor einer Verbraucherschlichtungsstelle nicht bereit oder verpflichtet.<\\\/p>\",\"margin\":\"default\"}}]}]}]}],\"version\":\"4.5.19\",\"yooessentialsVersion\":\"2.3.12\"} --><\/p>\n","protected":false},"excerpt":{"rendered":"<p>Impressum Stim-Entr\u00fcmpelungen vertreten durch Michael Stenzel Siedlerweg 394356 Kirchroth Telefon: 0176\/41914183E-Mail: info@stim-entr\u00fcmpelungen.de Umsatzsteuer-ID: DE 162\/277\/50271 Verantwortlich f\u00fcr den Inhalt nach \u00a7 18 Abs. 2 MStV: Herr Michael Stenzel Haftungshinweis: Wir sind f\u00fcr die Inhalte unserer Internetseiten nach den Ma\u00dfgaben der allgemeinen Gesetze, verantwortlich. Alle Inhalte werden mit der gebotenen Sorgfalt und nach bestem Wissen erstellt. [&hellip;]<\/p>\n","protected":false},"author":1,"featured_media":0,"parent":0,"menu_order":0,"comment_status":"closed","ping_status":"closed","template":"","meta":{"_acf_changed":false,"footnotes":""},"class_list":["post-2359","page","type-page","status-publish","hentry"],"acf":[],"yoast_head":"<!-- This site is optimized with the Yoast SEO plugin v25.5 - https:\/\/yoast.com\/wordpress\/plugins\/seo\/ -->\n<title>Impressum - Wordpress<\/title>\n<meta name=\"robots\" content=\"index, follow, max-snippet:-1, max-image-preview:large, max-video-preview:-1\" \/>\n<link rel=\"canonical\" href=\"https:\/\/www.xn--stim-entrmpelungen-u6b.de\/?page_id=2359\" \/>\n<meta property=\"og:locale\" content=\"de_DE\" \/>\n<meta property=\"og:type\" content=\"article\" \/>\n<meta property=\"og:title\" content=\"Impressum - Wordpress\" \/>\n<meta property=\"og:description\" content=\"Impressum Stim-Entr\u00fcmpelungen vertreten durch Michael Stenzel Siedlerweg 394356 Kirchroth Telefon: 0176\/41914183E-Mail: info@stim-entr\u00fcmpelungen.de Umsatzsteuer-ID: DE 162\/277\/50271 Verantwortlich f\u00fcr den Inhalt nach \u00a7 18 Abs. 2 MStV: Herr Michael Stenzel Haftungshinweis: Wir sind f\u00fcr die Inhalte unserer Internetseiten nach den Ma\u00dfgaben der allgemeinen Gesetze, verantwortlich. Alle Inhalte werden mit der gebotenen Sorgfalt und nach bestem Wissen erstellt. [&hellip;]\" \/>\n<meta property=\"og:url\" content=\"https:\/\/www.xn--stim-entrmpelungen-u6b.de\/?page_id=2359\" \/>\n<meta property=\"og:site_name\" content=\"Wordpress\" \/>\n<meta name=\"twitter:card\" content=\"summary_large_image\" \/>\n<meta name=\"twitter:label1\" content=\"Gesch\u00e4tzte Lesezeit\" \/>\n\t<meta name=\"twitter:data1\" content=\"1\u00a0Minute\" \/>\n<script type=\"application\/ld+json\" class=\"yoast-schema-graph\">{\"@context\":\"https:\/\/schema.org\",\"@graph\":[{\"@type\":\"WebPage\",\"@id\":\"https:\/\/www.xn--stim-entrmpelungen-u6b.de\/?page_id=2359\",\"url\":\"https:\/\/www.xn--stim-entrmpelungen-u6b.de\/?page_id=2359\",\"name\":\"Impressum - Wordpress\",\"isPartOf\":{\"@id\":\"https:\/\/www.xn--stim-entrmpelungen-u6b.de\/#website\"},\"datePublished\":\"2025-06-07T18:41:44+00:00\",\"breadcrumb\":{\"@id\":\"https:\/\/www.xn--stim-entrmpelungen-u6b.de\/?page_id=2359#breadcrumb\"},\"inLanguage\":\"de\",\"potentialAction\":[{\"@type\":\"ReadAction\",\"target\":[\"https:\/\/www.xn--stim-entrmpelungen-u6b.de\/?page_id=2359\"]}]},{\"@type\":\"BreadcrumbList\",\"@id\":\"https:\/\/www.xn--stim-entrmpelungen-u6b.de\/?page_id=2359#breadcrumb\",\"itemListElement\":[{\"@type\":\"ListItem\",\"position\":1,\"name\":\"Startseite\",\"item\":\"https:\/\/www.xn--stim-entrmpelungen-u6b.de\/\"},{\"@type\":\"ListItem\",\"position\":2,\"name\":\"Impressum\"}]},{\"@type\":\"WebSite\",\"@id\":\"https:\/\/www.xn--stim-entrmpelungen-u6b.de\/#website\",\"url\":\"https:\/\/www.xn--stim-entrmpelungen-u6b.de\/\",\"name\":\"Wordpress\",\"description\":\"\",\"potentialAction\":[{\"@type\":\"SearchAction\",\"target\":{\"@type\":\"EntryPoint\",\"urlTemplate\":\"https:\/\/www.xn--stim-entrmpelungen-u6b.de\/?s={search_term_string}\"},\"query-input\":{\"@type\":\"PropertyValueSpecification\",\"valueRequired\":true,\"valueName\":\"search_term_string\"}}],\"inLanguage\":\"de\"}]}<\/script>\n<!-- \/ Yoast SEO plugin. -->","yoast_head_json":{"title":"Impressum - Wordpress","robots":{"index":"index","follow":"follow","max-snippet":"max-snippet:-1","max-image-preview":"max-image-preview:large","max-video-preview":"max-video-preview:-1"},"canonical":"https:\/\/www.xn--stim-entrmpelungen-u6b.de\/?page_id=2359","og_locale":"de_DE","og_type":"article","og_title":"Impressum - Wordpress","og_description":"Impressum Stim-Entr\u00fcmpelungen vertreten durch Michael Stenzel Siedlerweg 394356 Kirchroth Telefon: 0176\/41914183E-Mail: info@stim-entr\u00fcmpelungen.de Umsatzsteuer-ID: DE 162\/277\/50271 Verantwortlich f\u00fcr den Inhalt nach \u00a7 18 Abs. 2 MStV: Herr Michael Stenzel Haftungshinweis: Wir sind f\u00fcr die Inhalte unserer Internetseiten nach den Ma\u00dfgaben der allgemeinen Gesetze, verantwortlich. Alle Inhalte werden mit der gebotenen Sorgfalt und nach bestem Wissen erstellt. [&hellip;]","og_url":"https:\/\/www.xn--stim-entrmpelungen-u6b.de\/?page_id=2359","og_site_name":"Wordpress","twitter_card":"summary_large_image","twitter_misc":{"Gesch\u00e4tzte Lesezeit":"1\u00a0Minute"},"schema":{"@context":"https:\/\/schema.org","@graph":[{"@type":"WebPage","@id":"https:\/\/www.xn--stim-entrmpelungen-u6b.de\/?page_id=2359","url":"https:\/\/www.xn--stim-entrmpelungen-u6b.de\/?page_id=2359","name":"Impressum - Wordpress","isPartOf":{"@id":"https:\/\/www.xn--stim-entrmpelungen-u6b.de\/#website"},"datePublished":"2025-06-07T18:41:44+00:00","breadcrumb":{"@id":"https:\/\/www.xn--stim-entrmpelungen-u6b.de\/?page_id=2359#breadcrumb"},"inLanguage":"de","potentialAction":[{"@type":"ReadAction","target":["https:\/\/www.xn--stim-entrmpelungen-u6b.de\/?page_id=2359"]}]},{"@type":"BreadcrumbList","@id":"https:\/\/www.xn--stim-entrmpelungen-u6b.de\/?page_id=2359#breadcrumb","itemListElement":[{"@type":"ListItem","position":1,"name":"Startseite","item":"https:\/\/www.xn--stim-entrmpelungen-u6b.de\/"},{"@type":"ListItem","position":2,"name":"Impressum"}]},{"@type":"WebSite","@id":"https:\/\/www.xn--stim-entrmpelungen-u6b.de\/#website","url":"https:\/\/www.xn--stim-entrmpelungen-u6b.de\/","name":"Wordpress","description":"","potentialAction":[{"@type":"SearchAction","target":{"@type":"EntryPoint","urlTemplate":"https:\/\/www.xn--stim-entrmpelungen-u6b.de\/?s={search_term_string}"},"query-input":{"@type":"PropertyValueSpecification","valueRequired":true,"valueName":"search_term_string"}}],"inLanguage":"de"}]}},"_links":{"self":[{"href":"https:\/\/www.xn--stim-entrmpelungen-u6b.de\/index.php?rest_route=\/wp\/v2\/pages\/2359","targetHints":{"allow":["GET"]}}],"collection":[{"href":"https:\/\/www.xn--stim-entrmpelungen-u6b.de\/index.php?rest_route=\/wp\/v2\/pages"}],"about":[{"href":"https:\/\/www.xn--stim-entrmpelungen-u6b.de\/index.php?rest_route=\/wp\/v2\/types\/page"}],"author":[{"embeddable":true,"href":"https:\/\/www.xn--stim-entrmpelungen-u6b.de\/index.php?rest_route=\/wp\/v2\/users\/1"}],"replies":[{"embeddable":true,"href":"https:\/\/www.xn--stim-entrmpelungen-u6b.de\/index.php?rest_route=%2Fwp%2Fv2%2Fcomments&post=2359"}],"version-history":[{"count":2,"href":"https:\/\/www.xn--stim-entrmpelungen-u6b.de\/index.php?rest_route=\/wp\/v2\/pages\/2359\/revisions"}],"predecessor-version":[{"id":2363,"href":"https:\/\/www.xn--stim-entrmpelungen-u6b.de\/index.php?rest_route=\/wp\/v2\/pages\/2359\/revisions\/2363"}],"wp:attachment":[{"href":"https:\/\/www.xn--stim-entrmpelungen-u6b.de\/index.php?rest_route=%2Fwp%2Fv2%2Fmedia&parent=2359"}],"curies":[{"name":"wp","href":"https:\/\/api.w.org\/{rel}","templated":true}]}}